{"id":223,"date":"2026-02-28T13:51:12","date_gmt":"2026-02-28T13:51:12","guid":{"rendered":"https:\/\/opticasella.com.br\/loja\/?post_type=product&#038;p=223"},"modified":"2026-03-04T17:49:24","modified_gmt":"2026-03-04T20:49:24","slug":"mykita-studio-15-1","status":"publish","type":"product","link":"https:\/\/opticasella.com.br\/loja\/product\/mykita-studio-15-1\/","title":{"rendered":"MYKITA &#8211; STUDIO 15.1"},"content":{"rendered":"<p>Cor: <strong>PRETO FOSCO COM PRATA LT PRETA<\/strong><\/p>\n<p>Material: <strong>\u00d3CULOS DE SOL EM METAL<\/strong><\/p>\n<p>Tamanho: <strong>51<\/strong><\/p>\n<p>G\u00eanero: <strong>UNISSEX<\/strong><\/p>\n<p>Os \u00f3culos de sol STUDIO 15 levam a constru\u00e7\u00e3o ultraminimalista da LESSRIM a um novo patamar gr\u00e1fico. As arma\u00e7\u00f5es ultrafinas em a\u00e7o inoxid\u00e1vel desaparecem na ranhura da lente, permitindo que elementos estruturais como a ponte nasal e as hastes se destaquem como caracter\u00edsticas marcantes e intencionais. Feitos \u00e0 m\u00e3o na MYKITA HAUS em Berlim.<\/p>\n","protected":false},"excerpt":{"rendered":"<p>Os \u00f3culos de sol STUDIO 15 levam a constru\u00e7\u00e3o ultraminimalista da LESSRIM a um novo patamar gr\u00e1fico. As arma\u00e7\u00f5es ultrafinas em a\u00e7o inoxid\u00e1vel desaparecem na ranhura da lente, permitindo que elementos estruturais como a ponte nasal e as hastes se destaquem como caracter\u00edsticas marcantes e intencionais. Feitos \u00e0 m\u00e3o na MYKITA HAUS em Berlim.<\/p>\n","protected":false},"featured_media":178,"comment_status":"closed","ping_status":"closed","template":"","meta":[],"product_brand":[22],"product_cat":[16],"product_tag":[],"class_list":{"0":"post-223","1":"product","2":"type-product","3":"status-publish","4":"has-post-thumbnail","6":"product_brand-mykita","7":"product_cat-oculos-de-sol","8":"product_shipping_class-melhor-envio","10":"first","11":"instock","12":"taxable","13":"shipping-taxable","14":"purchasable","15":"product-type-simple"},"jetpack_sharing_enabled":true,"_links":{"self":[{"href":"https:\/\/opticasella.com.br\/loja\/wp-json\/wp\/v2\/product\/223","targetHints":{"allow":["GET"]}}],"collection":[{"href":"https:\/\/opticasella.com.br\/loja\/wp-json\/wp\/v2\/product"}],"about":[{"href":"https:\/\/opticasella.com.br\/loja\/wp-json\/wp\/v2\/types\/product"}],"replies":[{"embeddable":true,"href":"https:\/\/opticasella.com.br\/loja\/wp-json\/wp\/v2\/comments?post=223"}],"wp:featuredmedia":[{"embeddable":true,"href":"https:\/\/opticasella.com.br\/loja\/wp-json\/wp\/v2\/media\/178"}],"wp:attachment":[{"href":"https:\/\/opticasella.com.br\/loja\/wp-json\/wp\/v2\/media?parent=223"}],"wp:term":[{"taxonomy":"product_brand","embeddable":true,"href":"https:\/\/opticasella.com.br\/loja\/wp-json\/wp\/v2\/product_brand?post=223"},{"taxonomy":"product_cat","embeddable":true,"href":"https:\/\/opticasella.com.br\/loja\/wp-json\/wp\/v2\/product_cat?post=223"},{"taxonomy":"product_tag","embeddable":true,"href":"https:\/\/opticasella.com.br\/loja\/wp-json\/wp\/v2\/product_tag?post=223"}],"curies":[{"name":"wp","href":"https:\/\/api.w.org\/{rel}","templated":true}]}}