{"id":216,"date":"2026-02-28T13:27:49","date_gmt":"2026-02-28T13:27:49","guid":{"rendered":"https:\/\/opticasella.com.br\/loja\/?post_type=product&#038;p=216"},"modified":"2026-03-04T17:49:25","modified_gmt":"2026-03-04T20:49:25","slug":"anne-valentin-bim","status":"publish","type":"product","link":"https:\/\/opticasella.com.br\/loja\/product\/anne-valentin-bim\/","title":{"rendered":"ANNE &#038; VALENTIN &#8211; BIM"},"content":{"rendered":"<p>Cor: <strong>CARAMELO TARTARUGA TRANSL\u00daCIDO<\/strong><\/p>\n<p>Material: <strong>ARMA\u00c7\u00c3O EM ACETATO<\/strong><\/p>\n<p>Tamanho: <strong>46<\/strong><\/p>\n<p>G\u00eanero: <strong>UNISSEX<\/strong><\/p>\n<p>Ret\u00e2ngulo m\u00e9dio, alongado, suspenso, suavizado, estruturado. Busca manter uma certa neutralidade. Cultiva um temperamento equilibrado em todas as circunst\u00e2ncias. S\u00e9rio, sem ser sombrio. S\u00f3brio, adapt\u00e1vel, ponderado, com os p\u00e9s no ch\u00e3o. Mas, sem d\u00favida, o mais chique.<\/p>\n","protected":false},"excerpt":{"rendered":"<p>Ret\u00e2ngulo m\u00e9dio, alongado, suspenso, suavizado, estruturado. Busca manter uma certa neutralidade. Cultiva um temperamento equilibrado em todas as circunst\u00e2ncias. S\u00e9rio, sem ser sombrio. S\u00f3brio, adapt\u00e1vel, ponderado, com os p\u00e9s no ch\u00e3o. Mas, sem d\u00favida, o mais chique.<\/p>\n","protected":false},"featured_media":149,"comment_status":"closed","ping_status":"closed","template":"","meta":[],"product_brand":[20],"product_cat":[15],"product_tag":[],"class_list":{"0":"post-216","1":"product","2":"type-product","3":"status-publish","4":"has-post-thumbnail","6":"product_brand-anne-valentin","7":"product_cat-oculos-de-grau","8":"product_shipping_class-melhor-envio","10":"first","11":"instock","12":"taxable","13":"shipping-taxable","14":"purchasable","15":"product-type-simple"},"jetpack_sharing_enabled":true,"_links":{"self":[{"href":"https:\/\/opticasella.com.br\/loja\/wp-json\/wp\/v2\/product\/216","targetHints":{"allow":["GET"]}}],"collection":[{"href":"https:\/\/opticasella.com.br\/loja\/wp-json\/wp\/v2\/product"}],"about":[{"href":"https:\/\/opticasella.com.br\/loja\/wp-json\/wp\/v2\/types\/product"}],"replies":[{"embeddable":true,"href":"https:\/\/opticasella.com.br\/loja\/wp-json\/wp\/v2\/comments?post=216"}],"wp:featuredmedia":[{"embeddable":true,"href":"https:\/\/opticasella.com.br\/loja\/wp-json\/wp\/v2\/media\/149"}],"wp:attachment":[{"href":"https:\/\/opticasella.com.br\/loja\/wp-json\/wp\/v2\/media?parent=216"}],"wp:term":[{"taxonomy":"product_brand","embeddable":true,"href":"https:\/\/opticasella.com.br\/loja\/wp-json\/wp\/v2\/product_brand?post=216"},{"taxonomy":"product_cat","embeddable":true,"href":"https:\/\/opticasella.com.br\/loja\/wp-json\/wp\/v2\/product_cat?post=216"},{"taxonomy":"product_tag","embeddable":true,"href":"https:\/\/opticasella.com.br\/loja\/wp-json\/wp\/v2\/product_tag?post=216"}],"curies":[{"name":"wp","href":"https:\/\/api.w.org\/{rel}","templated":true}]}}