{"id":210,"date":"2026-02-28T13:05:54","date_gmt":"2026-02-28T13:05:54","guid":{"rendered":"https:\/\/opticasella.com.br\/loja\/?post_type=product&#038;p=210"},"modified":"2026-03-04T17:49:25","modified_gmt":"2026-03-04T20:49:25","slug":"ahlem-campbelladdy19","status":"publish","type":"product","link":"https:\/\/opticasella.com.br\/loja\/product\/ahlem-campbelladdy19\/","title":{"rendered":"AHLEM &#8211; CAMPBELLADDY19"},"content":{"rendered":"<p>Cor: <strong>DOURADO LT MARROM<\/strong><\/p>\n<p>Material: \u00d3<strong>CULOS DE SOL EM METAL<\/strong><\/p>\n<p>Tamanho: <strong>U<\/strong><\/p>\n<p>G\u00eanero: <strong>UNISSEX<\/strong><\/p>\n<p>Criada em colabora\u00e7\u00e3o com Campbell Addy, esta arma\u00e7\u00e3o banhada a ouro 22 quilates personifica uma individualidade confiante. Sua silhueta oversized \u00e9 refinada com toques artesanais \u2014 uma barra superior martelada \u00e0 m\u00e3o, chanfros intrincados e filigrana gravada a laser \u2014 enquanto as lentes marrons degrad\u00ea trazem equil\u00edbrio e calor. Limitada a 250 edi\u00e7\u00f5es numeradas, a Campbell Addy 19 \u00e9 ao mesmo tempo uma declara\u00e7\u00e3o de estilo e uma obra de arte, elevada pelo artesanato franc\u00eas da AHLEM.<\/p>\n","protected":false},"excerpt":{"rendered":"<p>Criada em colabora\u00e7\u00e3o com Campbell Addy, esta arma\u00e7\u00e3o banhada a ouro 22 quilates personifica uma individualidade confiante. Sua silhueta oversized \u00e9 refinada com toques artesanais \u2014 uma barra superior martelada \u00e0 m\u00e3o, chanfros intrincados e filigrana gravada a laser \u2014 enquanto as lentes marrons degrad\u00ea trazem equil\u00edbrio e calor. Limitada a 250 edi\u00e7\u00f5es numeradas, a Campbell Addy 19 \u00e9 ao mesmo tempo uma declara\u00e7\u00e3o de estilo e uma obra de arte, elevada pelo artesanato franc\u00eas da AHLEM.<\/p>\n","protected":false},"featured_media":143,"comment_status":"closed","ping_status":"closed","template":"","meta":[],"product_brand":[19],"product_cat":[16],"product_tag":[],"class_list":{"0":"post-210","1":"product","2":"type-product","3":"status-publish","4":"has-post-thumbnail","6":"product_brand-ahlem","7":"product_cat-oculos-de-sol","8":"product_shipping_class-melhor-envio","10":"first","11":"instock","12":"taxable","13":"shipping-taxable","14":"purchasable","15":"product-type-simple"},"jetpack_sharing_enabled":true,"_links":{"self":[{"href":"https:\/\/opticasella.com.br\/loja\/wp-json\/wp\/v2\/product\/210","targetHints":{"allow":["GET"]}}],"collection":[{"href":"https:\/\/opticasella.com.br\/loja\/wp-json\/wp\/v2\/product"}],"about":[{"href":"https:\/\/opticasella.com.br\/loja\/wp-json\/wp\/v2\/types\/product"}],"replies":[{"embeddable":true,"href":"https:\/\/opticasella.com.br\/loja\/wp-json\/wp\/v2\/comments?post=210"}],"wp:featuredmedia":[{"embeddable":true,"href":"https:\/\/opticasella.com.br\/loja\/wp-json\/wp\/v2\/media\/143"}],"wp:attachment":[{"href":"https:\/\/opticasella.com.br\/loja\/wp-json\/wp\/v2\/media?parent=210"}],"wp:term":[{"taxonomy":"product_brand","embeddable":true,"href":"https:\/\/opticasella.com.br\/loja\/wp-json\/wp\/v2\/product_brand?post=210"},{"taxonomy":"product_cat","embeddable":true,"href":"https:\/\/opticasella.com.br\/loja\/wp-json\/wp\/v2\/product_cat?post=210"},{"taxonomy":"product_tag","embeddable":true,"href":"https:\/\/opticasella.com.br\/loja\/wp-json\/wp\/v2\/product_tag?post=210"}],"curies":[{"name":"wp","href":"https:\/\/api.w.org\/{rel}","templated":true}]}}