{"id":130,"date":"2026-02-27T13:12:53","date_gmt":"2026-02-27T13:12:53","guid":{"rendered":"https:\/\/opticasella.com.br\/loja\/product\/anne-valentin-abira\/"},"modified":"2026-03-04T17:49:26","modified_gmt":"2026-03-04T20:49:26","slug":"anne-valentin-abira","status":"publish","type":"product","link":"https:\/\/opticasella.com.br\/loja\/product\/anne-valentin-abira\/","title":{"rendered":"ANNE &#038;VALENTIN &#8211; ABIRA"},"content":{"rendered":"<p>Cor: <strong>PRETO<\/strong><\/p>\n<p>Material: <strong>ARMACAO EM ACETATO<\/strong><\/p>\n<p>Tamanho: <strong>48<\/strong><\/p>\n<p>G\u00eanero: <strong>FEMININO<\/strong><\/p>\n<p>Octogonal com bordas chanfradas. Orientada para a moda com suas curvas sutis. Energiza e real\u00e7a os tra\u00e7os faciais. Estrutura atrav\u00e9s de sua geometria. Leve. Expressiva.<\/p>\n","protected":false},"excerpt":{"rendered":"<p>Octogonal com bordas chanfradas. Orientada para a moda com suas curvas sutis. Energiza e real\u00e7a os tra\u00e7os faciais. Estrutura atrav\u00e9s de sua geometria. Leve. Expressiva.<\/p>\n","protected":false},"featured_media":150,"comment_status":"open","ping_status":"closed","template":"","meta":[],"product_brand":[20],"product_cat":[15],"product_tag":[],"class_list":{"0":"post-130","1":"product","2":"type-product","3":"status-publish","4":"has-post-thumbnail","6":"product_brand-anne-valentin","7":"product_cat-oculos-de-grau","8":"product_shipping_class-melhor-envio","10":"first","11":"instock","12":"featured","13":"taxable","14":"shipping-taxable","15":"purchasable","16":"product-type-simple"},"jetpack_sharing_enabled":true,"_links":{"self":[{"href":"https:\/\/opticasella.com.br\/loja\/wp-json\/wp\/v2\/product\/130","targetHints":{"allow":["GET"]}}],"collection":[{"href":"https:\/\/opticasella.com.br\/loja\/wp-json\/wp\/v2\/product"}],"about":[{"href":"https:\/\/opticasella.com.br\/loja\/wp-json\/wp\/v2\/types\/product"}],"replies":[{"embeddable":true,"href":"https:\/\/opticasella.com.br\/loja\/wp-json\/wp\/v2\/comments?post=130"}],"wp:featuredmedia":[{"embeddable":true,"href":"https:\/\/opticasella.com.br\/loja\/wp-json\/wp\/v2\/media\/150"}],"wp:attachment":[{"href":"https:\/\/opticasella.com.br\/loja\/wp-json\/wp\/v2\/media?parent=130"}],"wp:term":[{"taxonomy":"product_brand","embeddable":true,"href":"https:\/\/opticasella.com.br\/loja\/wp-json\/wp\/v2\/product_brand?post=130"},{"taxonomy":"product_cat","embeddable":true,"href":"https:\/\/opticasella.com.br\/loja\/wp-json\/wp\/v2\/product_cat?post=130"},{"taxonomy":"product_tag","embeddable":true,"href":"https:\/\/opticasella.com.br\/loja\/wp-json\/wp\/v2\/product_tag?post=130"}],"curies":[{"name":"wp","href":"https:\/\/api.w.org\/{rel}","templated":true}]}}