{"id":10,"date":"2026-02-27T15:10:27","date_gmt":"2026-02-27T15:10:27","guid":{"rendered":"https:\/\/opticasella.com.br\/loja\/?page_id=10"},"modified":"2026-02-27T15:18:58","modified_gmt":"2026-02-27T15:18:58","slug":"trocas-e-devolucoes","status":"publish","type":"page","link":"https:\/\/opticasella.com.br\/loja\/trocas-e-devolucoes\/","title":{"rendered":"Trocas e Devolu\u00e7\u00f5es"},"content":{"rendered":"\n<h2 class=\"wp-block-heading\"><strong>Conhe\u00e7a nossa pol\u00edtica de trocas e devolu\u00e7\u00f5es.<\/strong><\/h2>\n\n\n\n<p>Ol\u00e1! Aqui temos algumas dicas se precisar fazer uma troca|devolu\u00e7\u00e3o de um dos nossos produtos<\/p>\n\n\n\n<p>Veja aqui os casos em que voc\u00ea pode precisar realizar uma troca ou devolu\u00e7\u00e3o:<\/p>\n\n\n\n<p><strong>Pol\u00edtica de Devolu\u00e7\u00e3o<\/strong><\/p>\n\n\n\n<p>Se voc\u00ea recebeu um produto e n\u00e3o ficou satisfeito, ele n\u00e3o serviu ou se arrependeu da compra, \u00e9 poss\u00edvel fazer a solicita\u00e7\u00e3o de devolu\u00e7\u00e3o para estorno em at\u00e9 7 (sete) dias corridos. Para isso, o pedido dever\u00e1 estar em sua embalagem original, sem ind\u00edcios de uso e com todos os itens e acess\u00f3rios recebidos. Para solicitar a troca, basta enviar um e-mail para <strong><a href=\"mailto:atendimento@opticasella.com.br\">atendimento@opticasella.com.br<\/a><\/strong>, informando o n\u00famero do seu pedido e anexar imagens do produto que demonstrem que n\u00e3o houve uso.<\/p>\n\n\n\n<p><strong>Pol\u00edtica de Troca<\/strong><\/p>\n\n\n\n<p>Se voc\u00ea recebeu um produto diferente do comprado em nosso site ou sem algum acess\u00f3rio, entre em contato por meio de nosso e-mail: <strong><a href=\"mailto:atendimento@opticasella.com.br\">atendimento@opticasella.com.br<\/a><\/strong>. Esta solicita\u00e7\u00e3o dever\u00e1 ser feita no prazo m\u00e1ximo de 7 (sete) dias corridos ap\u00f3s o recebimento do produto.<\/p>\n\n\n\n<p>Para comprovar o erro, solicitamos que sejam enviadas fotos do produto recebido, bem como que seja informado o n\u00famero do pedido realizado. Iremos analisar as fotografias e, comprovado o erro, iniciaremos o procedimento de troca sem custos adicionais ao cliente. Em caso de erro no tamanho, \u00e9 importante fotografar tamb\u00e9m a etiqueta.<\/p>\n\n\n\n<p><strong>Defeito no produto recebido<\/strong><\/p>\n\n\n\n<p>Se voc\u00ea identificar algum tipo de defeito de fabrica\u00e7\u00e3o, voc\u00ea ter\u00e1 90 (noventa) dias corridos ap\u00f3s a entrega para solicitar a troca ou a devolu\u00e7\u00e3o<\/p>\n\n\n\n<p>Para comprovar o defeito, solicitamos que sejam enviadas fotos do produto, bem como que seja informado o n\u00famero do pedido realizado. Iremos analisar as fotografias e, comprovado o erro, iniciaremos o procedimento de troca sem custos adicionais ao cliente.<\/p>\n\n\n\n<p>Aten\u00e7\u00e3o: Caso o defeito tenha sido causado por problemas na utiliza\u00e7\u00e3o ou uso indevido, a responsabilidade de reparo \u00e9 totalmente do comprador.<\/p>\n\n\n\n<p><strong>Condi\u00e7\u00f5es de Troca e Devolu\u00e7\u00e3o<\/strong><\/p>\n\n\n\n<p>Para que a troca ou a devolu\u00e7\u00e3o seja efetuada, o produto dever\u00e1 respeitar as seguintes exig\u00eancias:<\/p>\n\n\n\n<ul class=\"wp-block-list\">\n<li>n\u00e3o possuir sinais de uso, manchas, sujeira, suor ou deteriora\u00e7\u00e3o da pe\u00e7a;<\/li>\n\n\n\n<li>preservar a embalagem interna e etiquetas originais aplicadas \u00e0 pe\u00e7a;<\/li>\n\n\n\n<li>respeitar os seguintes prazos: 90 (noventa) dias corridos em caso de defeitos ou 7 (sete) dias corridos em casos de erro no pedido ou arrependimento de compra, contados a partir da data de recebimento da mercadoria.<\/li>\n<\/ul>\n\n\n\n<p>Para trocar um produto, entre em contato por meio de nosso e-mail <a href=\"mailto:atendimento@opticasella.com.br\">atendimento@opticasella.com.br<\/a><strong>,<\/strong> anexando as devidas evid\u00eancias e iremos retornar com as instru\u00e7\u00f5es de troca no prazo de at\u00e9 5 (cinco) dias \u00fateis.<\/p>\n\n\n\n<p><strong>Formas de Restitui\u00e7\u00e3o de Valores<\/strong><\/p>\n\n\n\n<p>Confira a seguir as op\u00e7\u00f5es dispon\u00edveis para restitui\u00e7\u00e3o de valores:<\/p>\n\n\n\n<p>Cupom de desconto<\/p>\n\n\n\n<p>Voc\u00ea opta pelo cupom de desconto em qualquer situa\u00e7\u00e3o referente a trocas por insatisfa\u00e7\u00e3o.<\/p>\n\n\n\n<p>O cupom tem validade de 90 (noventa) dias e poder\u00e1 ser utilizado exclusivamente pelo titular da conta na loja virtual, mediante uso de login e senha. N\u00e3o \u00e9 permitido vend\u00ea-lo para terceiros nem tampouco convert\u00ea-lo em dinheiro.Para utilizar o cupom, basta realizar uma nova compra e inseri-lo no momento de finalizar o pedido.<\/p>\n\n\n\n<p>Estorno parcial ou integral &#8211; pagamento por cart\u00e3o de cr\u00e9dito<\/p>\n\n\n\n<p>Ap\u00f3s o recebimento do produto em nosso Centro de Distribui\u00e7\u00e3o e aprova\u00e7\u00e3o da devolu\u00e7\u00e3o mediante an\u00e1lise dos itens, a <b>\u00d3PTICA SELLA<\/b> envia a solicita\u00e7\u00e3o de estorno para a administradora do cart\u00e3o de cr\u00e9dito em at\u00e9 7 (sete) dias \u00fateis; esta por sua vez tem o prazo para processar a requisi\u00e7\u00e3o de acordo com a pol\u00edtica de cada administradora de cart\u00e3o de cr\u00e9dito.<\/p>\n\n\n\n<p>Exclusivo para pagamentos em cart\u00e3o de cr\u00e9dito, o procedimento de estorno parcial ou integral do valor pago em seu pedido seguir\u00e1 as regras da administradora do cart\u00e3o, podendo demorar de um a dois meses para que o valor seja devolvido, dependendo da data de vencimento de sua fatura.<\/p>\n\n\n\n<p>Estorno parcial ou integral &#8211; pagamento por pix e transfer\u00eancia<\/p>\n\n\n\n<p>Ap\u00f3s o recebimento do produto em nosso Centro de Distribui\u00e7\u00e3o e aprova\u00e7\u00e3o da devolu\u00e7\u00e3o mediante an\u00e1lise dos itens, a <b>\u00d3PTICA SELLA<\/b> ir\u00e1 realizar o estorno do valor em at\u00e9 30 (trinta) dias para a conta do intermediador de pagamento e voc\u00ea poder\u00e1 solicitar o saque do mesmo.<\/p>\n\n\n\n<p>Estorno parcial ou integral &#8211; pagamento por boleto<\/p>\n\n\n\n<p>Ap\u00f3s o recebimento do produto em nosso Centro de Distribui\u00e7\u00e3o e aprova\u00e7\u00e3o da devolu\u00e7\u00e3o mediante an\u00e1lise dos itens, a <b>\u00d3PTICA SELLA<\/b>&nbsp;ir\u00e1 realizar o estorno do valor em at\u00e9 30 (trinta) dias para a conta do intermediador de pagamento e voc\u00ea poder\u00e1 solicitar o saque do mesmo.<\/p>\n","protected":false},"excerpt":{"rendered":"<p>Conhe\u00e7a nossa pol\u00edtica de trocas e devolu\u00e7\u00f5es. Ol\u00e1! Aqui temos algumas dicas se precisar fazer uma troca|devolu\u00e7\u00e3o de um dos nossos produtos Veja aqui os casos em que voc\u00ea pode precisar realizar uma troca ou devolu\u00e7\u00e3o: Pol\u00edtica de Devolu\u00e7\u00e3o Se voc\u00ea recebeu um produto e n\u00e3o ficou satisfeito, ele n\u00e3o serviu ou se arrependeu da [&hellip;]<\/p>\n","protected":false},"author":1,"featured_media":192,"parent":0,"menu_order":0,"comment_status":"closed","ping_status":"closed","template":"page.php","meta":{"footnotes":""},"class_list":["post-10","page","type-page","status-publish","has-post-thumbnail","hentry"],"jetpack_sharing_enabled":true,"_links":{"self":[{"href":"https:\/\/opticasella.com.br\/loja\/wp-json\/wp\/v2\/pages\/10","targetHints":{"allow":["GET"]}}],"collection":[{"href":"https:\/\/opticasella.com.br\/loja\/wp-json\/wp\/v2\/pages"}],"about":[{"href":"https:\/\/opticasella.com.br\/loja\/wp-json\/wp\/v2\/types\/page"}],"author":[{"embeddable":true,"href":"https:\/\/opticasella.com.br\/loja\/wp-json\/wp\/v2\/users\/1"}],"replies":[{"embeddable":true,"href":"https:\/\/opticasella.com.br\/loja\/wp-json\/wp\/v2\/comments?post=10"}],"version-history":[{"count":3,"href":"https:\/\/opticasella.com.br\/loja\/wp-json\/wp\/v2\/pages\/10\/revisions"}],"predecessor-version":[{"id":195,"href":"https:\/\/opticasella.com.br\/loja\/wp-json\/wp\/v2\/pages\/10\/revisions\/195"}],"wp:featuredmedia":[{"embeddable":true,"href":"https:\/\/opticasella.com.br\/loja\/wp-json\/wp\/v2\/media\/192"}],"wp:attachment":[{"href":"https:\/\/opticasella.com.br\/loja\/wp-json\/wp\/v2\/media?parent=10"}],"curies":[{"name":"wp","href":"https:\/\/api.w.org\/{rel}","templated":true}]}}